h = 4, 5*r + 3*h + 4 = 0. Let t = g + r. List the prime factors of t.
2
Let y(d) = -50*d**3 + 6*d**2 + 4*d - 1. Let w(v) = -101*v**3 + 11*v**2 + 7*v - 2. Let g(a) = 6*w(a) - 11*y(a). What are the prime factors of g(-1)?
3, 19
Let p(u) = -153*u + 17. What are the prime factors of p(-3)?
2, 7, 17
Let z = 30 + -26. Suppose -4*h + 25 = z*w + w, 2*w - 3*h - 10 = 0. List the prime factors of w.
5
Let l = 2240 - 1571. List the prime factors of l.
3, 223
List the prime factors of ((-1580)/(-5))/1 + (0 - -4).
2, 5
Let x = 394 + -114. List the prime factors of x.
2, 5, 7
Suppose -5*m + 2*m = 96. List the prime factors of (-486)/(-8) + 24/m.
2, 3, 5
Let o = 76 + -137. Let g = -105 - o. Let w = g - -64. List the prime factors of w.
2, 5
Let g(k) = 5*k**2 - k - 215. List the prime factors of g(-15).
5, 37
Suppose -2*j + j = -3*n - 187, -799 = -4*j - 5*n. What are the prime factors of j?
2, 7
List the prime factors of ((-428)/20 - 0)*(0 - 65).
13, 107
Let r(p) = -p**2 - 5*p + 21. Let t be r(-9). Let u be (-20)/t + 272/(-6). Let a = u + 73. List the prime factors of a.
29
Suppose 4*b - a = a + 8, 16 = 3*b - 4*a. Let v be 6/(-18) + 7/3. Suppose 0 = 3*o - b*j - v*j - 92, -j = 3*o - 80. What are the prime factors of o?
2, 7
Suppose -4*v - 960 = -2*t, 0 = -5*t + 3*v + 2929 - 543. List the prime factors of t.
2, 7, 17
Suppose 28 = 9*z - 17. Suppose -126 = -z*a - 0*a + 2*b, 4*a - 4*b - 96 = 0. List the prime factors of a.
2, 13
Let u(a) = -2*a + 7. Let g be u(-6). Let c = -47 + g. Let y = c - -48. List the prime factors of y.
2, 5
List the prime factors of 964 + -3 + 6 + (2 - -1).
2, 5, 97
Let d(s) = -s**2 - 44*s - 28. What are the prime factors of d(-25)?
3, 149
Suppose -17*g - 1639 = -28*g. List the prime factors of g.
149
Suppose 3*q - 5 = -2, 315 = s + 2*q. What are the prime factors of s?
313
Suppose -196*a = -171*a - 18525. What are the prime factors of a?
3, 13, 19
Let w(i) be the third derivative of i**6/120 + 13*i**5/60 + 5*i**4/6 - 3*i**3/2 - 4*i**2. List the prime factors of w(-10).
7, 13
Let d(h) = h**3 - 10*h**2 - 11*h + 60. What are the prime factors of d(11)?
2, 3, 5
Let r be -5 + 4/(-8)*-6. Let s be ((2 + r)/1)/1. Let z = 3 - s. List the prime factors of z.
3
Suppose -h + 0*h + 4*a = 2, -5*h + 80 = -2*a. List the prime factors of (-4)/h + (-910)/(-45).
2, 5
Let i(x) = x**3 + 7*x**2 - 10*x - 4. Let d be i(-8). Suppose u - d = -2*u. List the prime factors of (4 - 1) + u + -2.
5
Suppose -6*t = -5*t - 3*c - 1687, -3*c - 3389 = -2*t. What are the prime factors of t?
2, 23, 37
Suppose 0 = 3*p - 20 + 5. Suppose -5*u - 3 = p*a - 8, 7 = 3*u + 2*a. Suppose 0 = -u*o + 112 - 2. List the prime factors of o.
2, 11
Suppose -4*w = -2*w - 4. Suppose 8*n = 5*n + 2*d + 29, 0 = -w*n + 5*d + 1. Let m = 31 - n. What are the prime factors of m?
2, 3
Let y = -3 - -6. Let t(v) = v + 8. Let x(c) = -c - 1. Let l(h) = t(h) + 2*x(h). List the prime factors of l(y).
3
Suppose 20*o - 25552 = 12*o. What are the prime factors of o?
2, 1597
Suppose -6 + 2 = -2*p. Suppose f = -p*y + 45, -2*f - f + 5*y = -190. Suppose 3*g - f - 14 = 0. What are the prime factors of g?
23
Let x(f) be the third derivative of f**4/24 + 11*f**3/6 - 6*f**2. Let c be x(-5). Suppose -c*y + 2*y + 12 = 0. What are the prime factors of y?
3
Let s = 2869 - 1912. List the prime factors of s.
3, 11, 29
Let a be 4*(-4)/4*-2. Suppose 2*t + a = 98. List the prime factors of t.
3, 5
Let c = 303 + -50. What are the prime factors of c?
11, 23
Suppose 338 = 3*b - 1273. What are the prime factors of b?
3, 179
Let n be (-2)/(-14) - (-41)/7. What are the prime factors of -2 - -38 - (n + -5)?
5, 7
Let t(y) = -y**2 - 16*y - 13. Let j be t(-15). List the prime factors of j - (-3 - 30) - -4.
3, 13
Suppose x + 2*g - 3268 = 0, 16*g = -4*x + 11*g + 13060. List the prime factors of x.
2, 5, 163
Let p be (-64)/16 - (1 + -8). Suppose -83 = -a + 3*f, -2*f - 33 - 230 = -p*a. What are the prime factors of a?
89
Let u = -53 + 55. Suppose -17 + u = -5*x. What are the prime factors of x?
3
List the prime factors of -4 - (-4)/((-16)/(-12476)).
5, 7, 89
Let p(d) = -12*d - 28. What are the prime factors of p(-9)?
2, 5
Suppose 25*o - 7*o - 23634 = 0. What are the prime factors of o?
13, 101
List the prime factors of -2*(-13158)/(11 - 5).
2, 3, 17, 43
Suppose 0 = -18*x + 15*x + 648. List the prime factors of x.
2, 3
Let l = 13 - 16. Let b be (-2 - l)/(6/12). What are the prime factors of b/4*(4 - 0)?
2
Let y(d) = 279*d**2 - 4*d + 4. List the prime factors of y(1).
3, 31
Suppose -3*j = 3*h + 33 + 165, -2*h + 4*j - 144 = 0. Let n = h + 102. What are the prime factors of n?
2, 17
Suppose 5*d + z - 3027 = 0, -1685 = -3*d + 4*z + 145. List the prime factors of d.
2, 3, 101
Suppose 0*n + 3*n + 2*c - 2659 = 0, -3*c + 1781 = 2*n. List the prime factors of n.
883
What are the prime factors of (-283)/(5/(-5)) + 3?
2, 11, 13
Let k(h) = h + 10. Let p = -27 + 22. List the prime factors of k(p).
5
Let w(d) = -34*d + 144. List the prime factors of w(-27).
2, 3, 59
Suppose 3*i = 3*h + 24, -20 = -5*i - 0. What are the prime factors of (-1)/(h/480) - 4?
2, 29
Let s(d) = -200*d + 822. List the prime factors of s(-24).
2, 3, 937
Let j = 18 + -14. Suppose -c - 5 = 0, 2*r + 23 = 3*r - j*c. Suppose 0*h = r*h - 159. List the prime factors of h.
53
Let v = -1231 + 1868. List the prime factors of v.
7, 13
Suppose -3 = -2*s + 5. Suppose s*r = -0*x - x - 10, 0 = -x + r - 5. Let b = 11 + x. What are the prime factors of b?
5
Suppose q - 20 = u, -q - 2*q - 40 = u. Let o be (-6)/(-15) + (-115)/u. Suppose m - 2 = 5*w + 1, -5*m - o*w + 15 = 0. What are the prime factors of m?
3
Suppose -815*v + 15323 = -808*v. What are the prime factors of v?
11, 199
Let i(o) = -5*o - 36. Let t be i(-8). Suppose 28 = p - 3*q, t*p - 40 - 2 = -2*q. List the prime factors of p.
13
List the prime factors of (-49)/(-35) - (-2818)/5.
5, 113
Let g(l) = 3*l**2 + 2*l + 1. Let m be g(-3). Let n = m - 12. List the prime factors of (38/(-3))/(n/(-15)).
19
Let l(q) = 133*q**2 + 6*q + 14. What are the prime factors of l(5)?
3, 1123
Let l(n) = -n**3 - 2*n**2 + 18*n + 835. List the prime factors of l(0).
5, 167
Suppose -l + 3 = -b + l, 3*l - 32 = 4*b. Let k = b - -9. Let i(p) = 2*p**2 + 4*p + 3. List the prime factors of i(k).
3
Let g(y) = -574*y - 23. List the prime factors of g(-8).
3, 1523
Suppose -j + 4*j + 3*c = 21, -2*c = -8. Suppose 4*v + 16 = 44. Suppose -j*p + v*p - 136 = 0. What are the prime factors of p?
2, 17
Let j(k) = -714*k - 67. List the prime factors of j(-2).
1361
Suppose -716 = 4*r - 980. What are the prime factors of r?
2, 3, 11
Let o(s) = 5*s - 1. Let l(i) = -i**3 - 3*i**2 - i + 2. Let q be l(-3). Suppose 3*b = q*b - 16. List the prime factors of o(b).
3, 13
Let c(d) = -39*d + 333. What are the prime factors of c(-23)?
2, 3, 5, 41
What are the prime factors of (-5 + (-461 - 1))*-4?
2, 467
Let g = -503 - -978. List the prime factors of g.
5, 19
Let n(i) = 5*i - 7. Suppose -7*u + 28 = -4*u - 5*y, -4*u = y - 45. Let v = u + -5. List the prime factors of n(v).
23
Let q = -2 - -7. Suppose q*b + 3*t - 111 = 2*b, -2*t + 188 = 5*b. Suppose -6*y + y + b = -v, -v = -2. What are the prime factors of y?
2
Suppose -3*x + 44 = c, 3*x + 2*c - 3 - 37 = 0. Let k = x - 16. What are the prime factors of 60 - (-8)/(k - -4)?
2, 31
Suppose -2*h + 305 = 3*h. Suppose 2*a - 3*k - k = 44, h = 4*a + k. List the prime factors of a.
2
Let k(s) = s**3 - 9*s**2 + 8*s + 5. Let r be k(8). List the prime factors of (-2)/(-4)*(r - -19).
2, 3
Suppose -5*y - 3*l - 60 = 0, -4*y - l - 29 = 26. Let m be (0 + -1)*(-20 + 2). Let q = m + y. List the prime factors of q.
3
Suppose -2*o - 2 = -3*o. Let y be 4*3/6 - o. What are the prime factors of 5 + 28 - (1 + y)?
2
Let g = 1762 + -875. List the prime factors of g.
887
Let v be 3939/65 - (-6)/(-10). List the prime factors of v/(-210) + 116/14.
2
Suppose -3*b + 2*y + 794 = 0, 5*y + 136 = 2*b - 408. What are the prime factors of b?
2, 131
Suppose 5*h - 5*q = 0, 3*h - h - 3*q = 0. Suppose -k - k + 6 = h. Suppose -r = -k*r, -72 = -u + 2*r. What are the prime factors of u?
2, 3
Let l be 1*(-4)/((-4)/(-2)). Let n(g) = -g**3 + g**2 + 3*g + 3. Let x be n(l). Suppose -6*p + x*p = 105. List the prime factors of p.
5, 7
Suppose 3*u = 3*r + 3, 2*r - 14 + 0 = -2*u. Suppose -5*c = g - 41, 